ctors of l(-7).
29
Let x(v) = v**3 + 13*v**2 + 12*v + 8. Let k be x(-12). Let g(c) = -c**3 + 9*c**2 - 5*c - 10. What are the prime factors of g(k)?
2, 7
Let w(t) = -3*t - 4. What are the prime factors of w(-6)?
2, 7
Let m(t) = -t**2 - 2*t + 5. Let j be m(-7). Let z be -1*(j + (-2)/(-2)). Suppose a - z = -2*d, 3*a + 0 + 11 = d. List the prime factors of d.
2, 7
Suppose 0 = 5*n - 0*n - 5, -3*w = -n - 14. Suppose w*o = -4*q + 152, -2*q = -o + q + 38. List the prime factors of o.
2
Let i(b) = -b**3 - 7*b**2 - 3*b - 1. Let l(q) = -7*q**2 + 4*q - 7*q + q - q**3. Let w(x) = 4*i(x) - 5*l(x). What are the prime factors of w(-7)?
2, 5
Let u(i) = 6*i**2 - i + 1. List the prime factors of u(-6).
223
Let z = -4 - -20. List the prime factors of z.
2
Let i be (15/(-9))/(1/3). List the prime factors of 16/(-10)*(i + -5).
2
Let a be ((-54)/8)/(5/(-20)). Let n = a + -8. What are the prime factors of n?
19
Suppose -o + 2*o = 0. Suppose q + 0*i + 4*i = 12, 4*q - 5*i + 57 = o. List the prime factors of (-3 - q) + -2 + 2.
5
Suppose -30 = -u - 5*j + 59, -4*u + 356 = j. Suppose -6*i = -u - 175. List the prime factors of i.
2, 11
Let o(y) = -1 - 2 + 0 + 3*y. Let h be 6/(-2) - (10 - 19). List the prime factors of o(h).
3, 5
Suppose -5*x = -8 - 2. Let n be -7 + x + (-4)/2. List the prime factors of -1 + (1 - n - 2).
5
Suppose 8 = -4*p - 2*i, -6*p - 8 = -4*p + 2*i. Let r = 2 + p. Suppose 4 = d + r. List the prime factors of d.
2
Suppose 0 = -4*l + 2*h - h - 13, l + 7 = 4*h. List the prime factors of (-26 - -2)/l + -2.
2, 3
Let v(k) = -k**2 - 10*k - 7. Let n be v(-9). What are the prime factors of 1*(-2 + n) - -7?
7
Suppose -4*r + 8*r + 4 = 0. What are the prime factors of r - ((-2 - 10) + 0)?
11
Suppose 3*l - 3*g = -6*g - 66, 3*g = -5*l - 108. Let a = -8 + 4. List the prime factors of l/a - (-3)/(-12).
5
Let z be 0/(2 + -1 + -3). Suppose z = 2*c + c - 12. What are the prime factors of c?
2
Suppose -4*o + 41 + 139 = 0. What are the prime factors of o?
3, 5
Let c(t) = 2*t - 10. Let x be c(7). Suppose -5 = -x*b + 7. Suppose -r - b*w + 15 = 0, 3*r = r - 3*w + 18. List the prime factors of r.
3
Suppose -2*l + 4*v = -1 - 1, -4*v + 3 = -l. Suppose l*q - 87 = 28. List the prime factors of q.
23
Suppose -3*j - 2*l = -6*j + 165, -2*l = -j + 55. Let w = j + -21. What are the prime factors of w?
2, 17
Let s(n) be the second derivative of 13*n**4/12 - n**3/6 + n. Let v = 32 - 33. What are the prime factors of s(v)?
2, 7
Let u = 179 + -126. What are the prime factors of u?
53
Let n = 74 - -72. List the prime factors of n.
2, 73
Let p(m) = m**3 + 5*m**2 + 3*m. Let c be p(-4). Suppose -17 = q - r, c*q - 4*r = q - 56. List the prime factors of (-104)/q - 4/6.
2
Suppose -2*f - 2*f + 217 = 5*n, 4*n + 70 = f. List the prime factors of f.
2, 29
Let q = -60 - -102. What are the prime factors of (q/(-4))/(15/(-40))?
2, 7
Suppose -d - 3*d - 2176 = 0. What are the prime factors of (-9)/21 - d/28?
19
Suppose m + 39 = 32. Let b(q) = q**3 + 2*q**2 - 4*q + 2. Let i be b(-4). Let c = m - i. List the prime factors of c.
7
Let w be 1 + (-6)/(-3)*-3. Let d = -4 - w. Suppose -j = -4*y + 4, -j + 4*y - y - d = 0. List the prime factors of j.
2
Let t(a) = 2*a**2 - a + 9. Let w be t(7). Suppose -w = 3*j - 8*j. Suppose 2*f - 22 = 2*v, 5*v = -4*f - j + 55. List the prime factors of f.
2, 5
Suppose 4*r + 16 = 0, 4*x - 217 = r - 25. List the prime factors of x.
47
Let n = 4 + -1. Let p = 2 + n. Let q = p + -3. What are the prime factors of q?
2
Let j(r) = r**2 + 6*r + 3. Let b be j(-4). Let k(x) = -3*x + 6. List the prime factors of k(b).
3, 7
Let q = -64 - -104. Suppose -4*j - q = -9*j. Suppose 2*a + b + j = -2*b, -a = -5*b - 22. List the prime factors of a.
2
Let o = -17 - -109. What are the prime factors of o?
2, 23
Let s(k) = -k**2 + 5*k + 5. Let h be s(5). Let j be (-2)/(-5) - (-108)/h. Suppose n = 3*n - j. What are the prime factors of n?
11
Let y be 119/13 - (-4)/(-26). Suppose r + 5*g + y = 0, r = g + 11 - 2. What are the prime factors of r?
2, 3
Let i(t) = -t**2 + 2. Let d be i(0). Suppose d = -y + 2*y. List the prime factors of y.
2
Let n(g) = g**3 + 7*g**2 - 1. What are the prime factors of n(-6)?
5, 7
Suppose y - 11 = 2*y - c, 2*c = -2*y - 18. Let t(u) be the first derivative of u**2/2 + 12*u - 3. List the prime factors of t(y).
2
Let h = 199 + 18. What are the prime factors of h?
7, 31
Let o(u) = u**3 + 11*u**2 - 13*u - 10. Let n be o(-12). Suppose 0 = -5*b - n*f + 29, -3*b + f = -2 - 11. List the prime factors of b.
5
Suppose 0 = -3*h + 9*h - 6. Suppose h = -3*w + 4*w, -3*w + 1 = -u. List the prime factors of u.
2
Let g(t) = t + 2. Let j(m) = 5*m. Let b be j(-2). Let q be (-3)/(-15) + (-68)/b. List the prime factors of g(q).
3
Let m = 69 + -39. List the prime factors of m.
2, 3, 5
Let u(o) = -8*o - 4. Let p be u(3). Let t = p - -20. Let s = 13 + t. List the prime factors of s.
5
Let q(s) = s**2 - s - 2. Let i be ((-3)/2)/((-2)/4). Suppose -i*z + 9 - 1 = -w, 4*w - 5*z = -4. List the prime factors of q(w).
2, 5
Suppose 0 = -4*h - 5*q - 87, -q - 29 = 2*h + 22. Let z = -13 - h. Suppose -j = 4*j - z. What are the prime factors of j?
3
Let j(h) = -h**3 + 4*h**2 - 3*h + 3. Let i be j(3). Suppose 2 = -2*m - 2*q - 2, -i = 4*m + 3*q. Suppose a - 4 = m. List the prime factors of a.
7
Let d(j) be the first derivative of 2*j**3/3 + 2*j**2 - 1. List the prime factors of d(-3).
2, 3
Suppose 4*n - 47 = 9. List the prime factors of n.
2, 7
Let y(j) = -j + 5. Suppose 0 = -c - c. Let r be y(c). Suppose t = -7*p + 4*p + 35, r*p - 58 = -2*t. List the prime factors of p.
2, 3
Let k be ((-2)/(-3))/(3/18). Let j(o) = 12*o + 2*o + 13 + o**2 - k*o. List the prime factors of j(-9).
2
Let g(p) = -p**3 - p**2 + 27. Let k be g(0). Suppose -3*h + k = -147. Suppose -6*v + h = -2*v - 3*l, -2*l + 36 = 2*v. What are the prime factors of v?
2
Let k(z) be the second derivative of -8*z**3/3 + 4*z**2 - 8*z. List the prime factors of k(-3).
2, 7
Let w(h) = -h**3 + 12*h**2 - 4*h + 14. Let n be w(12). Let o = 49 + n. What are the prime factors of o?
3, 5
Suppose 4*z + z - 95 = 0. Suppose -g = -y + 1, -y - 9 = -0*y + 4*g. Let s = y + z. What are the prime factors of s?
2, 3
Suppose -j = -5 + 1. Suppose 2*d = d + 5*r + 26, -j*d = 2*r - 104. List the prime factors of d.
2, 13
Let k = -7 + 7. Suppose k = -z - 3*z + 60. List the prime factors of z.
3, 5
What are the prime factors of 107 + -3 - (3 - 0)?
101
Let w(n) = -7*n - 6. Let q be w(-6). Let j = q + -25. List the prime factors of j.
11
Suppose 15 = -3*p - 3*h, 0*p - 5*p = -4*h + 16. Let f(i) be the second derivative of -i**5/20 - i**4/6 + i**3 + 5*i**2/2 + i. List the prime factors of f(p).
13
Suppose 0 = -q - 5*s + 112 + 84, -3*q - 5*s = -558. What are the prime factors of q?
181
Let m = -113 - -267. What are the prime factors of m?
2, 7, 11
Suppose -8 = -2*x - 2*x. Suppose 10 = -x*b + 7*b. Suppose 3*v - b*n = 22, v = -3*v + 3*n + 31. What are the prime factors of v?
2
Let g(a) = -2*a**3 - 5*a**2 - 3*a + 1. What are the prime factors of g(-3)?
19
Let j(r) = r**3 - r**2 - 2*r + 2. Let i be j(2). Suppose i*x = -2*x + 72. What are the prime factors of x?
2, 3
Suppose 3 = 3*n - 12, u = -3*n + 17. What are the prime factors of u?
2
Let u(d) = -d. Let g be u(-4). Suppose -w = -g*i + w + 26, -1 = i + 2*w. What are the prime factors of i?
5
Let h = -11 + 71. List the prime factors of h.
2, 3, 5
Let x be (5 + -43)/(1 + 0). Let j = x + 55. List the prime factors of j.
17
Let z(t) = t**2 - 4*t - 18. What are the prime factors of z(11)?
59
Suppose -4*t + 6*t + j = 5, -3*t - 3*j = -12. Let r be (t - -1)/((-4)/6). List the prime factors of (-2)/6 + (-22)/r.
7
What are the prime factors of 4/4*-1 + 30?
29
Suppose -694 = -2*s - 2*p, p - 962 = -3*s + 69. List the prime factors of s.
2, 3, 19
Suppose 3*j + 49 = -14. Let q = j - -15. List the prime factors of 17/2 - 3/q.
3
Let r be (-2)/4 - (-39)/6. Suppose 34 + r = 4*b. Suppose -4*j + 22 = -b. What are the prime factors of j?
2
Let q(g) be the first derivative of g**2 + 3*g + 4. List the prime factors of q(8).
19
Suppose 87 - 507 = -5*b. Let m be (b/(-35))/((-4)/10). Suppose -i = z - 11, 2 = 2*i - m. List the prime factors of z.
7
Suppose 0 = 2*k + 5*o - 79, 4*k = -o + 29 + 84. Suppose s + 2*s = k. List the prime factors of s.
3
Suppose 0 = -4*v - 2*a